50 = -27*i. What is the greatest common divisor of i and 30?
10
Let v = 90 + -52. Suppose 5*x - 175 = -2*m, -4*x + 0*x - 297 = -3*m. What is the highest common divisor of v and m?
19
Let y = -9 + 10. Suppose -n + y = -2. What is the greatest common factor of 24 and n?
3
Suppose 0 = -4*n - 2*k + 4, -2*k = 3*n - 0*n - 5. Let o = n + 4. What is the highest common factor of 2 and o?
1
Let b = -561 - -840. Suppose -5*m = 0, -4*k - 88 = -2*m - 852. Let y = b - k. What is the greatest common factor of y and 11?
11
Suppose -4*j + 8 = 3*w, w = 2*j - j - 9. What is the greatest common divisor of j and 1?
1
Let n(s) = -s - 3. Let c be n(-7). Let j = 45 + 2. Suppose -41 - j = -c*d. What is the highest common factor of 55 and d?
11
Let w = 56 + -28. Suppose 0 = -t + 3*t - w. Calculate the greatest common factor of t and 56.
14
Let d(f) = f**3 + 11*f**2 + 9*f + 17. Let q be d(-9). Calculate the greatest common factor of 28 and q.
14
Suppose 4*q + 5 - 1 = 0. Let n(s) = -10*s - 1. Let z be n(q). What is the highest common divisor of z and 99?
9
Suppose -5 = 5*w - 0. Let j be 15/6*(1 - w). What is the highest common factor of j and 25?
5
Let d = 41 + 64. What is the highest common factor of 15 and d?
15
Suppose -3*m + 28 - 9 = 4*b, -m + 19 = -5*b. What is the highest common factor of m and 18?
9
Suppose n = 7 + 3. Calculate the highest common divisor of 4 and n.
2
Let o = 6 + 12. Calculate the greatest common divisor of o and 12.
6
Suppose -1 = -2*v - 3. Let d(w) = 2*w + 12. Let a be d(-8). Let z = v - a. Calculate the greatest common divisor of z and 12.
3
Let p(x) = -2*x**3 - x**2 + 2. Let t be p(-2). Calculate the highest common divisor of t and 35.
7
Suppose -3*d = y - 97, -2*y = 6*d - d - 195. Suppose 5*f - 125 = -3*l, 173 = 4*l + 3*f + 10. Calculate the highest common divisor of y and l.
20
Let u = -52 - -107. Let y(v) = v**3 + 14*v**2 + 10*v - 28. Let a be y(-13). Calculate the greatest common divisor of a and u.
11
Let n be 10/3 - (-2)/3. Suppose -3*y - 1 = -4, v - n*y - 7 = 0. Let q(l) = 2*l**2 - 8*l + 9. Let t be q(6). Calculate the greatest common divisor of t and v.
11
Suppose 2*z - 505 = -5*u, -2*z - 102 + 508 = 4*u. Suppose v = -4*q - 0*v + u, -2 = 2*v. Calculate the greatest common factor of q and 10.
5
Let y = 14 - 12. Suppose 2*d + y*d - 32 = 0. Calculate the greatest common factor of d and 12.
4
Let c be 1448/20 - 12/30. What is the highest common divisor of 9 and c?
9
Let w be 2/(-9) - (-11)/9. Suppose 3*d - 8 = w. Let a = 13 - 10. Calculate the greatest common divisor of a and d.
3
Suppose 4*y - r - 39 = 0, -3*y + 4*r = -5*y + 24. Let h be 38/8 - 2/(-8). Suppose 2*d - h = -3*d. Calculate the greatest common factor of d and y.
1
Suppose -6*r = -83 - 133. Calculate the highest common divisor of r and 48.
12
Let i = -83 + 151. Let v be -1 + 4/(16/i). Calculate the greatest common divisor of 176 and v.
16
Let z be 1/(-4) + (-37)/(-4). Let a(t) = t. Let b be a(-3). Let y be (9 - (-6)/b) + 2. What is the highest common divisor of z and y?
9
Let n = -2 + 0. Let b be (n/4)/(2/(-60)). Suppose -7*x + 0 = -105. Calculate the highest common factor of b and x.
15
Suppose -2*s - 14 = -0*t + 3*t, -3*t + 5*s - 49 = 0. Let c = t + 26. Calculate the highest common divisor of c and 2.
2
Suppose 0 = 3*m - 58 - 152. Let t(y) = -y**3 - 8*y**2 - 9*y. Let w be t(-7). Calculate the greatest common factor of w and m.
14
Let a(s) = s + 29. Let d be a(-22). Calculate the highest common divisor of 77 and d.
7
Suppose -4*k + 104 = -2*h, 4*k + h - 113 + 21 = 0. What is the greatest common factor of k and 60?
12
Let j(r) = r**3 + 2*r + 1. Let c be j(0). Let w(y) = -2*y**3 - 3*y**2 - 2*y - 1. Let z be w(-2). Calculate the highest common factor of c and z.
1
Let a(z) = z**3 + 13. Let m be 0 - 0 - (9 + -9). Let p be a(m). What is the highest common factor of p and 39?
13
Let v be (8/(-3))/((-6)/153). Suppose -4*m + 31 + 41 = -4*f, 5*m + 3*f - 82 = 0. What is the greatest common factor of m and v?
17
Suppose -d + 1 = -5. Let r be (-77 + -1)/(d/(-4)). Suppose 2*v - 24 = -o, 0*o - 4*o = 4*v - 44. Calculate the highest common divisor of r and v.
13
Let n = 16 + -9. Calculate the highest common divisor of n and 49.
7
Let c = -1 - -5. Let v = 72 - 36. Calculate the highest common divisor of v and c.
4
Let l be ((-9)/(-15))/((-3)/(-75)). Suppose 0*g - 240 = -2*g. What is the greatest common divisor of g and l?
15
Let q = -5 + 13. Let x = 2 + q. What is the greatest common divisor of 25 and x?
5
Let c = -3 - -3. Let f = c - -3. Suppose -5*v = f*x + 4, -9 = -4*x + 5*v + 44. Calculate the greatest common factor of 1 and x.
1
Suppose 5*t - 1 = 29. Calculate the greatest common factor of t and 30.
6
Suppose 0 = -3*s + 5 + 37. Calculate the highest common factor of s and 14.
14
Let t = 154 - 69. Suppose 42 + 60 = 6*k. What is the highest common divisor of t and k?
17
Let h = -7 - -12. Suppose 27 = h*p - 2*p. What is the greatest common factor of p and 1?
1
Suppose 5*a - 4 = 11. Let y = 33 - 18. What is the highest common divisor of y and a?
3
Suppose 2*t - 120 = -3*t. Suppose 2*g - 262 = -2*p, -5*g + 627 = -p - p. Let r = -67 + g. Calculate the highest common factor of r and t.
12
Let d(y) = -5*y**3 + y + 1. Let t be d(-1). Suppose 206 = t*j - 34. Calculate the greatest common factor of 16 and j.
16
Let a(q) = 7*q**2 - 9. Let p be a(-3). Calculate the highest common divisor of 6 and p.
6
Let y be (4/(-6))/(1/(-105)). Calculate the highest common divisor of y and 10.
10
Suppose 0 = -5*m + 4*h + 3, -m = -5*m + 3*h + 3. Let b be 11 + (-9)/m + -3. Suppose 0 = -0*x + b*x - 180. What is the highest common factor of 12 and x?
12
Suppose 4*j = -5*r - 21 + 61, -4*r + j + 11 = 0. What is the greatest common divisor of r and 36?
4
Let s(m) = -m**3 - m**2 - m - 1. Let y be s(-2). Suppose -3*o - 3*q = -9, -2*q = y*o - q - 31. Let h = 58 + -37. What is the highest common factor of o and h?
7
Let l = -11 - -13. Suppose 2*k - 9 - 4 = 3*j, 5*k - 1 = -3*j. Calculate the highest common factor of k and l.
2
Suppose -4*i - 3*t + 85 = -6, -3*t + 34 = i. Suppose -5*s + 56 = -324. Calculate the highest common divisor of s and i.
19
Suppose -2*f + 5*s = -f - 15, -f + 2*s = -6. Suppose -r - 7 + 52 = f. Calculate the highest common factor of r and 5.
5
Let s be -2 - (0/(-2))/2. Let h = 3 + -5. Let w be s/(-4)*h*-11. What is the highest common factor of w and 33?
11
Suppose -18*n = -17*n - 72. Let l = 146 + -98. What is the highest common factor of l and n?
24
Let q(g) = g**2 - 4*g + 1. Let m be q(6). Let y = -53 + 92. Calculate the greatest common divisor of m and y.
13
Suppose -3*r - 52 = -7*r. Calculate the highest common factor of r and 117.
13
Let s = -131 - -155. Calculate the highest common divisor of s and 56.
8
Let m(d) = -d**2 - 6*d - 2. Let p be m(-5). Calculate the greatest common factor of 27 and p.
3
Let c(b) = 9*b - 6. Let z be c(7). Let a = -17 - -31. Let l = 33 - a. What is the greatest common factor of l and z?
19
Let o(j) = -2*j + 4. Let t(z) = -z**2 + z - 1. Let f be t(2). Let h be o(f). Suppose s - 5 = 10. What is the highest common factor of h and s?
5
Suppose 0 = -2*w - 3*w + 130. Let u = w - 18. Calculate the greatest common factor of u and 4.
4
Let x(p) = 9*p - 24. Let s be x(3). Let l = -59 - -83. What is the highest common divisor of s and l?
3
Let t be (17 - 5)*26/3. Let f(g) = 2*g + g**2 + 4 + g - 9. Let c be f(-6). What is the greatest common factor of c and t?
13
Suppose -3*k = w - 4, 2*w + 3 = 3*k + 2. Let g = 4 + -1. What is the highest common divisor of g and w?
1
Suppose 1 = -3*q + 4. Let d be (-5)/(2/4 - q). Suppose d = 4*s + s. What is the greatest common divisor of 22 and s?
2
Let z = 5 - -7. Suppose -z = -l - 6. What is the highest common divisor of l and 30?
6
Let s(p) = -154*p**3 + p**2 + p. Let l be (-3)/(-9)*3*-1. Let g be s(l). What is the greatest common factor of 14 and g?
14
Let a be ((-24)/20)/((-6)/20). Suppose 2*m - a*m + 4 = 0. What is the greatest common divisor of m and 1?
1
Suppose -24 = -5*t - 4*q, -4*t + 19 = q - 9. Let u(n) = -n**2 - n - 2. Let s be u(0). Let p = t + s. Calculate the highest common divisor of p and 15.
3
Let f = 32 - 63. Let z = f + 70. Calculate the greatest common factor of z and 26.
13
Let b be 2/(-1) + 190/19. Let n(r) be the first d